at are the prime factors of 998/7 - i/(-140)?
11, 13
Let t be (-140)/35 - (-2)/(6/23535). List the prime factors of t/7 - 9/63 - 1.
3, 373
Suppose -1904 = -p + 4*a, -2*p = -6*a + 3*a - 3803. Suppose 30*w + p = 35*w. Let t = w + -217. List the prime factors of t.
163
Suppose 0 = 10*j - 3252 - 77968. What are the prime factors of j?
2, 31, 131
Let n be (22/4 + -4)/(3/24). Suppose 4*w + 3*l + n = w, -3*w + l = 8. List the prime factors of (w + -79)/(2 - (-6)/(-2)).
2, 41
Let b = 3530 - 1289. List the prime factors of b.
3, 83
Let v(k) = k**2 - 5*k + 3. Let w be v(0). Let h be ((-5)/(-10))/(w/6)*5. List the prime factors of ((-2)/h)/(7/(-2555)).
2, 73
List the prime factors of -6*4*(-12)/24 + 15727.
15739
Let t(z) be the first derivative of -2*z**2 + 27 + 2/3*z**3 + 11*z. List the prime factors of t(-7).
137
Let s = -9 + 9. Let y = 54 - 34. Suppose -3*l + y + 280 = s. What are the prime factors of l?
2, 5
Suppose 3*p - 5 = -2*p, -2*l + p - 1 = 0. Suppose -884 = -2*u + 4*b, -4*b = 5*u - l*u - 2266. What are the prime factors of u?
2, 3, 5
Suppose 3*h + 2*z - 6022 = 502, -3*h - 5*z = -6527. List the prime factors of h/((1/4)/(2/16)).
1087
Suppose -1148 - 61916 = -8*f. List the prime factors of f.
7883
Let n(f) = 8*f**3 + f**2 - 11*f + 5. Let s be n(3). Let o = 1143 + s. List the prime factors of o.
2, 5, 67
Let m = 351 + -1002. Let g = 1113 + m. List the prime factors of g.
2, 3, 7, 11
Let r be 5*(-2)/15*(-2127)/2. Let j = 267 + r. List the prime factors of j.
2, 61
Suppose 0 = -4*v + 5 + 3. Let x(j) = j**3 - 23*j**2 + 2*j - 46. Let p be x(23). Suppose p = -3*f + 3*d + 435, -f + 459 = v*f + 5*d. List the prime factors of f.
2, 37
Let b(o) = -17*o + 18. Suppose p + 4 = -0*y - y, -2*p - 5*y - 14 = 0. List the prime factors of b(p).
2, 13
Let v = -5973 - -4110. Let q = -880 - v. List the prime factors of q.
983
Suppose -3140 + 1244 = 8*b. Let a = 550 + b. What are the prime factors of a?
313
Let z = 61 - 69. Let x(j) = -j**2 - 11*j - 19. Let n be x(z). Suppose -214 - 331 = -n*c. List the prime factors of c.
109
Suppose z - 2*z = -44. Let l = 149 + -77. Let n = z + l. What are the prime factors of n?
2, 29
Let f = 863 + -756. Suppose -f*p - 12256 = -115*p. List the prime factors of p.
2, 383
Suppose -402*y = -375*y - 99090. List the prime factors of y.
2, 5, 367
Suppose -5*v = -2*v - 27. Let x(f) = 23*f - 9. Let z be x(v). Suppose w + c - z = -3*w, 2*c = 3*w - 143. List the prime factors of w.
7
Suppose 6*j - 4*j - p + 21 = 0, 3*j + 18 = -3*p. Let w = j - -36. List the prime factors of w.
3
What are the prime factors of (-13)/(-39)*(3 + 7731)?
2, 1289
Suppose n - 36 = -0*n. Suppose 0*o - 5*o = 5*k + 5, -4*o = -4*k + n. Suppose k*y - 276 - 239 = -m, -253 = -2*y + m. What are the prime factors of y?
2
Let o = 30 - 30. Suppose 0*t - t + 6 = o. Let k(n) = 2*n**2 + 3*n + 14. List the prime factors of k(t).
2, 13
Let f be 107263/78 + 3/(-18). Let b = f - 723. List the prime factors of b.
2, 163
What are the prime factors of 8/(560/(-43694))*-10?
2, 3121
Suppose 183*b - 20345228 = -316*b. What are the prime factors of b?
2, 10193
Let s be (-1 - 55/(-20))/(2/8). Let x(v) = 5*v**3 - 11*v**2 - 5*v + 19. What are the prime factors of x(s)?
2, 5, 29
Suppose 4*d + 3*a = 13991, -6*d + 3*a + 9302 = -11707. What are the prime factors of d?
2, 5, 7
Let l(x) = -3*x**2 + 17*x + 17. Let j(c) = 5*c**2 - 35*c - 35. Let z(h) = 4*j(h) + 7*l(h). Let m be z(-22). Let f = -31 - m. What are the prime factors of f?
2, 3
Suppose 0 = -4*h - 7 + 15. Suppose 0 = 2*p - h*d - 552, -3*p + 6*p - d - 824 = 0. Suppose -2*m - p = -5*s - 4*m, 233 = 4*s - 3*m. List the prime factors of s.
2, 7
Let c = -209 + 297. Let k be (c/(-14) - 2/(-7))/(-2). Suppose 4*j + 2*i - 112 = k*j, -2*j - i + 209 = 0. List the prime factors of j.
2, 3, 17
Let m(q) = 11*q**2 - q + 2. Let o be m(3). Let p(j) = -13*j + 12. Let h be p(-4). Let b = o - h. List the prime factors of b.
2, 17
Let p(f) = -111*f + 3. Suppose -5*z + 7 = 17. Let b be p(z). Suppose 0*c + b = 5*c. What are the prime factors of c?
3, 5
Suppose -9*s + 255 = 8*s. What are the prime factors of 111/18*(51 + s)?
11, 37
Let a(j) = 681*j**3 - j**2 + 2*j - 1. Let s be a(1). Let r be 30/(-15) + 16/4. Suppose r*g - s = -g. List the prime factors of g.
227
Suppose -2*j = 179*n - 174*n - 32439, 3*n + 32383 = 2*j. List the prime factors of j.
2, 8101
Suppose 0 = -q + 1 + 20. Let n = 23 - q. Suppose n*c = 119 + 55. List the prime factors of c.
3, 29
Suppose 645*p - 5*w = 644*p + 19877, 0 = -5*w + 10. What are the prime factors of p?
3, 7, 947
Let r = -19 + 22. Let q(x) = -x**2 - 5*x. Let v be q(r). Let j = 26 - v. What are the prime factors of j?
2, 5
Let x be 1*(-4 + 1) + 1. Suppose 309 - 19 = -58*y. List the prime factors of x/y*((-4)/4 - -546).
2, 109
Let o = 9734 + -5112. What are the prime factors of o/4 + (-53)/(-106)?
2, 17
Let c = 1303 - -8485. List the prime factors of c.
2, 2447
Let b(r) = -21*r - 13. Let n be b(-18). Let k = n + 53. What are the prime factors of k?
2, 11, 19
Suppose 39*a + 76 = 37*a. Let p = a - -41. Suppose -20 = 4*g, p*g + 9 = -3*s - 0. What are the prime factors of s?
2
Let g = -757 - -1485. Suppose g = 4*t - 452. List the prime factors of t.
5, 59
Let k(q) = q**2 + 5*q + 2. Let g be k(-4). Let i be 89/(-1 + g - -4). Suppose -4*t = -135 - i. List the prime factors of t.
2, 7
Let h = 51 - 97. Let j = h + 61. Suppose 18*u = j*u + 417. List the prime factors of u.
139
Let j be (24/(6/2))/1. Let a be 2/(-8) - (-2)/j*1. Suppose 1270 = 10*p - a*p. List the prime factors of p.
127
Let f = 14118 + 1231. What are the prime factors of f?
15349
Suppose q - 5*z - 12 = -q, 0 = -3*z - 6. Let a(m) be the third derivative of 53*m**6/60 + m**2. List the prime factors of a(q).
2, 53
Let z(x) be the second derivative of 1/3*x**4 - 3/2*x**3 - 5*x**2 + 0 + 39*x. List the prime factors of z(5).
3, 5
Let q = -1013 + 1138. What are the prime factors of q?
5
Let q be (-11)/(-2)*(-68)/17. What are the prime factors of 430/(-4)*(-36 - q)?
5, 7, 43
Let s be 124/12 - (-9)/(-27). List the prime factors of 62/(s/4*(-4)/(-50)).
2, 5, 31
List the prime factors of (-12)/(-14) - (-592760)/49.
2, 23, 263
Let m(p) = -94*p**3 + 2*p**2 + 6*p + 2. List the prime factors of m(-1).
2, 23
Suppose -1438 = -2*q - 2*f, 4*q - 3*f = -0*f + 2876. Suppose -699 = -4*n + 3*n + 3*s, q = n + 2*s. Suppose n + 449 = 10*m. What are the prime factors of m?
2, 29
Suppose -15*s = -42733 + 1198. What are the prime factors of s?
3, 13, 71
Let r(g) = 36*g - 2. Let x(z) = 2*z**2 + 14*z + 14. Let c = 42 + -48. Let k be x(c). List the prime factors of r(k).
2, 5, 7
Suppose -127*t = -44*t - 351213 - 1055637. What are the prime factors of t?
2, 3, 5, 113
Let i(l) = -2*l + 2*l + 7 - l + 23. Suppose -406 = 24*c + 170. List the prime factors of i(c).
2, 3
Let j = -198 - -215. Let w(n) = n**2 - 7*n - 15. Let h(r) = -r. Let z(l) = -2*h(l) + w(l). What are the prime factors of z(j)?
3, 7
List the prime factors of (63/(-2))/(51/(-97172)) - -13.
173, 347
Let o = 130 + -105. Suppose q - 31 = -5*d, 4*q - 67 = -4*d - 23. List the prime factors of 4 + q/(-2) + o.
2, 13
List the prime factors of (-1)/(4/(-3583)) + 60/(-80).
5, 179
Let v = 16 - 13. Suppose -v*u = u - 896. Let h = 400 - u. List the prime factors of h.
2, 11
Let y be 12/4 - -5*(-792)/(-4). Let p = 1817 - y. List the prime factors of p.
2, 103
Let s(z) = 465*z**2 + 75*z + 69. List the prime factors of s(12).
3, 22643
What are the prime factors of (-4)/(8427699/421386 - 20)?
2, 79, 127
Let g = -351 + 355. Suppose 2*w + g*k = 1486, w - 651 = -k + 95. List the prime factors of w.
7, 107
Let v = 10851 + 3647. What are the prime factors of v?
2, 11, 659
Suppose 5346 = -18*p - 9*p. Suppose q - a = -73 - 24, -3*q - 2*a = 281. Let u = q - p. What are the prime factors of u?
103
Suppose -4*d + 5*j = -26, -2*d + 41 = 3*d - 2*j. Suppose -5*i = -d*w + 4*w - 810, 2*w - 789 = -5*i. What are the prime factors of i?
3, 53
Let a = 17 + -28. Let k(b) = 8*b - 5. Let u be k(-5). Let w = a - u. What are the prime factors of w?
2, 17
What are the prime factors of 14838*8/12 - (3 - 10)?
19, 521
Suppose 5*x + 5*w - 9238 = -2718, -3*x + 3*w + 3900 = 0. Suppose -x = -5*n + 4*n + y, -20 = 5*y. List the prime factors of n.
2, 11, 59
Let p(j) = -j**3 - j**2 - j + 1. Let 